{"id":294,"date":"2019-07-10T15:13:23","date_gmt":"2019-07-10T13:13:23","guid":{"rendered":"http:\/\/laboitesauvage.com\/?page_id=294"},"modified":"2022-02-25T15:24:14","modified_gmt":"2022-02-25T14:24:14","slug":"photos","status":"publish","type":"page","link":"https:\/\/laboitesauvage.com\/index.php\/photos\/","title":{"rendered":"Photos"},"content":{"rendered":"\t\t<div data-elementor-type=\"wp-post\" data-elementor-id=\"294\" class=\"elementor elementor-294\" data-elementor-settings=\"[]\">\n\t\t\t\t\t\t<div class=\"elementor-inner\">\n\t\t\t\t\t\t\t<div class=\"elementor-section-wrap\">\n\t\t\t\t\t\t\t<section class=\"elementor-section elementor-top-section elementor-element elementor-element-f730946 elementor-section-boxed elementor-section-height-default elementor-section-height-default\" data-id=\"f730946\" data-element_type=\"section\" data-settings=\"{&quot;background_background&quot;:&quot;classic&quot;}\">\n\t\t\t\t\t\t<div class=\"elementor-container elementor-column-gap-default\">\n\t\t\t\t\t\t\t<div class=\"elementor-row\">\n\t\t\t\t\t<div class=\"elementor-column elementor-col-100 elementor-top-column elementor-element elementor-element-81f8f56\" data-id=\"81f8f56\" data-element_type=\"column\">\n\t\t\t<div class=\"elementor-column-wrap elementor-element-populated\">\n\t\t\t\t\t\t\t<div class=\"elementor-widget-wrap\">\n\t\t\t\t\t\t<div class=\"elementor-element elementor-element-657b441 elementor-widget elementor-widget-image\" data-id=\"657b441\" data-element_type=\"widget\" data-widget_type=\"image.default\">\n\t\t\t\t<div class=\"elementor-widget-container\">\n\t\t\t\t\t\t\t\t<div class=\"elementor-image\">\n\t\t\t\t\t\t\t\t\t\t\t\t<img loading=\"lazy\" decoding=\"async\" width=\"2362\" height=\"633\" src=\"https:\/\/laboitesauvage.com\/wp-content\/uploads\/2019\/07\/la-boite-sauvage-logo-pr\u00e9sentation.png\" class=\"attachment-full size-full\" alt=\"\" srcset=\"https:\/\/laboitesauvage.com\/wp-content\/uploads\/2019\/07\/la-boite-sauvage-logo-pr\u00e9sentation.png 2362w, https:\/\/laboitesauvage.com\/wp-content\/uploads\/2019\/07\/la-boite-sauvage-logo-pr\u00e9sentation-300x80.png 300w, https:\/\/laboitesauvage.com\/wp-content\/uploads\/2019\/07\/la-boite-sauvage-logo-pr\u00e9sentation-768x206.png 768w, https:\/\/laboitesauvage.com\/wp-content\/uploads\/2019\/07\/la-boite-sauvage-logo-pr\u00e9sentation-1024x274.png 1024w, https:\/\/laboitesauvage.com\/wp-content\/uploads\/2019\/07\/la-boite-sauvage-logo-pr\u00e9sentation-850x228.png 850w\" sizes=\"auto, (max-width: 2362px) 100vw, 2362px\" \/>\t\t\t\t\t\t\t\t\t\t\t\t\t\t<\/div>\n\t\t\t\t\t\t<\/div>\n\t\t\t\t<\/div>\n\t\t\t\t\t\t<\/div>\n\t\t\t\t\t<\/div>\n\t\t<\/div>\n\t\t\t\t\t\t\t\t<\/div>\n\t\t\t\t\t<\/div>\n\t\t<\/section>\n\t\t\t\t<section class=\"elementor-section elementor-top-section elementor-element elementor-element-024a8c5 elementor-section-full_width elementor-section-height-default elementor-section-height-default\" data-id=\"024a8c5\" data-element_type=\"section\">\n\t\t\t\t\t\t<div class=\"elementor-container elementor-column-gap-default\">\n\t\t\t\t\t\t\t<div class=\"elementor-row\">\n\t\t\t\t\t<div class=\"elementor-column elementor-col-100 elementor-top-column elementor-element elementor-element-38100af\" data-id=\"38100af\" data-element_type=\"column\">\n\t\t\t<div class=\"elementor-column-wrap elementor-element-populated\">\n\t\t\t\t\t\t\t<div class=\"elementor-widget-wrap\">\n\t\t\t\t\t\t<div class=\"elementor-element elementor-element-216e186 elementor-widget elementor-widget-image\" data-id=\"216e186\" data-element_type=\"widget\" data-widget_type=\"image.default\">\n\t\t\t\t<div class=\"elementor-widget-container\">\n\t\t\t\t\t\t\t\t<div class=\"elementor-image\">\n\t\t\t\t\t\t\t\t\t\t\t\t<img loading=\"lazy\" decoding=\"async\" width=\"640\" height=\"94\" src=\"https:\/\/laboitesauvage.com\/wp-content\/uploads\/2019\/07\/la-boite-sauvage-logo-blanc-musique-768x113.png\" class=\"attachment-medium_large size-medium_large\" alt=\"\" srcset=\"https:\/\/laboitesauvage.com\/wp-content\/uploads\/2019\/07\/la-boite-sauvage-logo-blanc-musique-768x113.png 768w, https:\/\/laboitesauvage.com\/wp-content\/uploads\/2019\/07\/la-boite-sauvage-logo-blanc-musique-300x44.png 300w, https:\/\/laboitesauvage.com\/wp-content\/uploads\/2019\/07\/la-boite-sauvage-logo-blanc-musique-1024x151.png 1024w, https:\/\/laboitesauvage.com\/wp-content\/uploads\/2019\/07\/la-boite-sauvage-logo-blanc-musique-850x125.png 850w\" sizes=\"auto, (max-width: 640px) 100vw, 640px\" \/>\t\t\t\t\t\t\t\t\t\t\t\t\t\t<\/div>\n\t\t\t\t\t\t<\/div>\n\t\t\t\t<\/div>\n\t\t\t\t<div class=\"elementor-element elementor-element-350f9a2 elementor-widget elementor-widget-text-editor\" data-id=\"350f9a2\" data-element_type=\"widget\" data-widget_type=\"text-editor.default\">\n\t\t\t\t<div class=\"elementor-widget-container\">\n\t\t\t\t\t\t\t\t<div class=\"elementor-text-editor elementor-clearfix\">\n\t\t\t\t<p>Mauvais gar\u00e7ons ou vilaines filles, saturation \u00e9lectrique qui suinte dans le scotch on the rocks, Beats funky sexy groovy qui fait bouger ton petit cul&#8230; Nous sommes la pour immortaliser en photo ou vid\u00e9o ces moments sauvages, faire des chroniques et des interviews pour montrer \u00e0 ta maman que tu as r\u00e9ussi dans la d\u00e9bauche musicale<\/p>\t\t\t\t\t<\/div>\n\t\t\t\t\t\t<\/div>\n\t\t\t\t<\/div>\n\t\t\t\t\t\t<\/div>\n\t\t\t\t\t<\/div>\n\t\t<\/div>\n\t\t\t\t\t\t\t\t<\/div>\n\t\t\t\t\t<\/div>\n\t\t<\/section>\n\t\t\t\t<section class=\"elementor-section elementor-top-section elementor-element elementor-element-47ec5f2 elementor-section-boxed elementor-section-height-default elementor-section-height-default\" data-id=\"47ec5f2\" data-element_type=\"section\">\n\t\t\t\t\t\t<div class=\"elementor-container elementor-column-gap-default\">\n\t\t\t\t\t\t\t<div class=\"elementor-row\">\n\t\t\t\t\t<div class=\"elementor-column elementor-col-100 elementor-top-column elementor-element elementor-element-2ec68a3\" data-id=\"2ec68a3\" data-element_type=\"column\">\n\t\t\t<div class=\"elementor-column-wrap elementor-element-populated\">\n\t\t\t\t\t\t\t<div class=\"elementor-widget-wrap\">\n\t\t\t\t\t\t<div class=\"elementor-element elementor-element-0fa177b elementor-arrows-position-inside elementor-pagination-position-outside elementor-widget elementor-widget-image-carousel\" data-id=\"0fa177b\" data-element_type=\"widget\" data-settings=\"{&quot;slides_to_show&quot;:&quot;1&quot;,&quot;navigation&quot;:&quot;both&quot;,&quot;autoplay&quot;:&quot;yes&quot;,&quot;pause_on_hover&quot;:&quot;yes&quot;,&quot;pause_on_interaction&quot;:&quot;yes&quot;,&quot;autoplay_speed&quot;:5000,&quot;infinite&quot;:&quot;yes&quot;,&quot;effect&quot;:&quot;slide&quot;,&quot;speed&quot;:500}\" data-widget_type=\"image-carousel.default\">\n\t\t\t\t<div class=\"elementor-widget-container\">\n\t\t\t\t\t<div class=\"elementor-image-carousel-wrapper swiper-container\" dir=\"ltr\">\n\t\t\t<div class=\"elementor-image-carousel swiper-wrapper\">\n\t\t\t\t\t\t\t\t<div class=\"swiper-slide\"><figure class=\"swiper-slide-inner\"><img decoding=\"async\" class=\"swiper-slide-image\" src=\"https:\/\/laboitesauvage.com\/wp-content\/uploads\/2019\/08\/joey01insyta-1-1024x684.jpg\" alt=\"joey01insyta\" \/><\/figure><\/div><div class=\"swiper-slide\"><figure class=\"swiper-slide-inner\"><img decoding=\"async\" class=\"swiper-slide-image\" src=\"https:\/\/laboitesauvage.com\/wp-content\/uploads\/2021\/12\/08-copie-683x1024.jpg\" alt=\"08 copie\" \/><\/figure><\/div><div class=\"swiper-slide\"><figure class=\"swiper-slide-inner\"><img decoding=\"async\" class=\"swiper-slide-image\" src=\"https:\/\/laboitesauvage.com\/wp-content\/uploads\/2019\/08\/Guitar4-insta1-1024x683.jpg\" alt=\"Guitar4 insta1\" \/><\/figure><\/div><div class=\"swiper-slide\"><figure class=\"swiper-slide-inner\"><img decoding=\"async\" class=\"swiper-slide-image\" src=\"https:\/\/laboitesauvage.com\/wp-content\/uploads\/2019\/08\/lordssinginsta-1024x684.jpg\" alt=\"lordssinginsta\" \/><\/figure><\/div><div class=\"swiper-slide\"><figure class=\"swiper-slide-inner\"><img decoding=\"async\" class=\"swiper-slide-image\" src=\"https:\/\/laboitesauvage.com\/wp-content\/uploads\/2019\/10\/DSC08993-1024x683.jpg\" alt=\"DSC08993\" \/><\/figure><\/div><div class=\"swiper-slide\"><figure class=\"swiper-slide-inner\"><img decoding=\"async\" class=\"swiper-slide-image\" src=\"https:\/\/laboitesauvage.com\/wp-content\/uploads\/2021\/11\/AKH02-683x1024.jpg\" alt=\"AKH02\" \/><\/figure><\/div><div class=\"swiper-slide\"><figure class=\"swiper-slide-inner\"><img decoding=\"async\" class=\"swiper-slide-image\" src=\"https:\/\/laboitesauvage.com\/wp-content\/uploads\/2019\/08\/JM-gretsch-1024x682.jpg\" alt=\"JM gretsch\" \/><\/figure><\/div><div class=\"swiper-slide\"><figure class=\"swiper-slide-inner\"><img decoding=\"async\" class=\"swiper-slide-image\" src=\"https:\/\/laboitesauvage.com\/wp-content\/uploads\/2019\/08\/Bigflo-1024x684.jpg\" alt=\"Bigflo\" \/><\/figure><\/div><div class=\"swiper-slide\"><figure class=\"swiper-slide-inner\"><img decoding=\"async\" class=\"swiper-slide-image\" src=\"https:\/\/laboitesauvage.com\/wp-content\/uploads\/2019\/12\/cavalera-1024x683.jpg\" alt=\"cavalera\" \/><\/figure><\/div><div class=\"swiper-slide\"><figure class=\"swiper-slide-inner\"><img decoding=\"async\" class=\"swiper-slide-image\" src=\"https:\/\/laboitesauvage.com\/wp-content\/uploads\/2019\/08\/lead02-1-1024x684.jpg\" alt=\"lead02\" \/><\/figure><\/div><div class=\"swiper-slide\"><figure class=\"swiper-slide-inner\"><img decoding=\"async\" class=\"swiper-slide-image\" src=\"https:\/\/laboitesauvage.com\/wp-content\/uploads\/2019\/08\/sc\u00e8neinsta-1-1024x684.jpg\" alt=\"sc\u00e8neinsta\" \/><\/figure><\/div><div class=\"swiper-slide\"><figure class=\"swiper-slide-inner\"><img decoding=\"async\" class=\"swiper-slide-image\" src=\"https:\/\/laboitesauvage.com\/wp-content\/uploads\/2019\/08\/lordsBandinsta-1024x684.jpg\" alt=\"lordsBandinsta\" \/><\/figure><\/div><div class=\"swiper-slide\"><figure class=\"swiper-slide-inner\"><img decoding=\"async\" class=\"swiper-slide-image\" src=\"https:\/\/laboitesauvage.com\/wp-content\/uploads\/2019\/08\/Kooljoey05-1-1024x684.jpg\" alt=\"Kool&amp;joey05\" \/><\/figure><\/div><div class=\"swiper-slide\"><figure class=\"swiper-slide-inner\"><img decoding=\"async\" class=\"swiper-slide-image\" src=\"https:\/\/laboitesauvage.com\/wp-content\/uploads\/2019\/08\/instru-guitare-1024x683.jpg\" alt=\"instru guitare\" \/><\/figure><\/div><div class=\"swiper-slide\"><figure class=\"swiper-slide-inner\"><img decoding=\"async\" class=\"swiper-slide-image\" src=\"https:\/\/laboitesauvage.com\/wp-content\/uploads\/2019\/08\/Sam04-1-1024x684.jpg\" alt=\"Sam04\" \/><\/figure><\/div><div class=\"swiper-slide\"><figure class=\"swiper-slide-inner\"><img decoding=\"async\" class=\"swiper-slide-image\" src=\"https:\/\/laboitesauvage.com\/wp-content\/uploads\/2019\/08\/Oli02-684x1024.jpg\" alt=\"Oli02\" \/><\/figure><\/div>\t\t\t<\/div>\n\t\t\t\t\t\t\t\t\t\t\t\t<div class=\"swiper-pagination\"><\/div>\n\t\t\t\t\t\t\t\t\t\t\t\t\t<div class=\"elementor-swiper-button elementor-swiper-button-prev\">\n\t\t\t\t\t\t<i aria-hidden=\"true\" class=\"eicon-chevron-left\"><\/i>\t\t\t\t\t\t<span class=\"elementor-screen-only\">Pr\u00e9c\u00e9dent<\/span>\n\t\t\t\t\t<\/div>\n\t\t\t\t\t<div class=\"elementor-swiper-button elementor-swiper-button-next\">\n\t\t\t\t\t\t<i aria-hidden=\"true\" class=\"eicon-chevron-right\"><\/i>\t\t\t\t\t\t<span class=\"elementor-screen-only\">Suivant<\/span>\n\t\t\t\t\t<\/div>\n\t\t\t\t\t\t\t\t\t<\/div>\n\t\t\t\t<\/div>\n\t\t\t\t<\/div>\n\t\t\t\t\t\t<\/div>\n\t\t\t\t\t<\/div>\n\t\t<\/div>\n\t\t\t\t\t\t\t\t<\/div>\n\t\t\t\t\t<\/div>\n\t\t<\/section>\n\t\t\t\t<section class=\"elementor-section elementor-top-section elementor-element elementor-element-b28d3be elementor-section-boxed elementor-section-height-default elementor-section-height-default\" data-id=\"b28d3be\" data-element_type=\"section\">\n\t\t\t\t\t\t<div class=\"elementor-container elementor-column-gap-default\">\n\t\t\t\t\t\t\t<div class=\"elementor-row\">\n\t\t\t\t\t<div class=\"elementor-column elementor-col-100 elementor-top-column elementor-element elementor-element-597e173\" data-id=\"597e173\" data-element_type=\"column\">\n\t\t\t<div class=\"elementor-column-wrap elementor-element-populated\">\n\t\t\t\t\t\t\t<div class=\"elementor-widget-wrap\">\n\t\t\t\t\t\t<div class=\"elementor-element elementor-element-3a601d7 elementor-widget elementor-widget-image\" data-id=\"3a601d7\" data-element_type=\"widget\" data-widget_type=\"image.default\">\n\t\t\t\t<div class=\"elementor-widget-container\">\n\t\t\t\t\t\t\t\t<div class=\"elementor-image\">\n\t\t\t\t\t\t\t\t\t\t\t\t<img loading=\"lazy\" decoding=\"async\" width=\"640\" height=\"93\" src=\"https:\/\/laboitesauvage.com\/wp-content\/uploads\/2019\/07\/la-boite-sauvage-logo-blanc-portrait-768x111.png\" class=\"attachment-medium_large size-medium_large\" alt=\"\" srcset=\"https:\/\/laboitesauvage.com\/wp-content\/uploads\/2019\/07\/la-boite-sauvage-logo-blanc-portrait-768x111.png 768w, https:\/\/laboitesauvage.com\/wp-content\/uploads\/2019\/07\/la-boite-sauvage-logo-blanc-portrait-300x43.png 300w, https:\/\/laboitesauvage.com\/wp-content\/uploads\/2019\/07\/la-boite-sauvage-logo-blanc-portrait-1024x147.png 1024w, https:\/\/laboitesauvage.com\/wp-content\/uploads\/2019\/07\/la-boite-sauvage-logo-blanc-portrait-850x122.png 850w\" sizes=\"auto, (max-width: 640px) 100vw, 640px\" \/>\t\t\t\t\t\t\t\t\t\t\t\t\t\t<\/div>\n\t\t\t\t\t\t<\/div>\n\t\t\t\t<\/div>\n\t\t\t\t\t\t<\/div>\n\t\t\t\t\t<\/div>\n\t\t<\/div>\n\t\t\t\t\t\t\t\t<\/div>\n\t\t\t\t\t<\/div>\n\t\t<\/section>\n\t\t\t\t<section class=\"elementor-section elementor-top-section elementor-element elementor-element-dc750b1 elementor-section-boxed elementor-section-height-default elementor-section-height-default\" data-id=\"dc750b1\" data-element_type=\"section\">\n\t\t\t\t\t\t<div class=\"elementor-container elementor-column-gap-default\">\n\t\t\t\t\t\t\t<div class=\"elementor-row\">\n\t\t\t\t\t<div class=\"elementor-column elementor-col-100 elementor-top-column elementor-element elementor-element-67275e2\" data-id=\"67275e2\" data-element_type=\"column\">\n\t\t\t<div class=\"elementor-column-wrap elementor-element-populated\">\n\t\t\t\t\t\t\t<div class=\"elementor-widget-wrap\">\n\t\t\t\t\t\t<div class=\"elementor-element elementor-element-19079bd elementor-widget elementor-widget-text-editor\" data-id=\"19079bd\" data-element_type=\"widget\" data-widget_type=\"text-editor.default\">\n\t\t\t\t<div class=\"elementor-widget-container\">\n\t\t\t\t\t\t\t\t<div class=\"elementor-text-editor elementor-clearfix\">\n\t\t\t\t<p>Tu te trouves pas tr\u00e8s beau, pas tr\u00e8s belle?? et bien tu as raisons mais \u00e7a ne doit pas t&#8217;emp\u00eacher de te faire shooter en photo, alors oui j&rsquo;aurais beaucoup de travail \u00e0 faire par la suite pour les retouches&#8230; Mais dans le fond, on s&rsquo;en bas un peu les couilles non??<\/p>\t\t\t\t\t<\/div>\n\t\t\t\t\t\t<\/div>\n\t\t\t\t<\/div>\n\t\t\t\t\t\t<\/div>\n\t\t\t\t\t<\/div>\n\t\t<\/div>\n\t\t\t\t\t\t\t\t<\/div>\n\t\t\t\t\t<\/div>\n\t\t<\/section>\n\t\t\t\t<section class=\"elementor-section elementor-top-section elementor-element elementor-element-e10acd1 elementor-section-boxed elementor-section-height-default elementor-section-height-default\" data-id=\"e10acd1\" data-element_type=\"section\">\n\t\t\t\t\t\t<div class=\"elementor-container elementor-column-gap-default\">\n\t\t\t\t\t\t\t<div class=\"elementor-row\">\n\t\t\t\t\t<div class=\"elementor-column elementor-col-100 elementor-top-column elementor-element elementor-element-8a372cc\" data-id=\"8a372cc\" data-element_type=\"column\">\n\t\t\t<div class=\"elementor-column-wrap elementor-element-populated\">\n\t\t\t\t\t\t\t<div class=\"elementor-widget-wrap\">\n\t\t\t\t\t\t<div class=\"elementor-element elementor-element-a1fd960 elementor-arrows-position-inside elementor-pagination-position-outside elementor-widget elementor-widget-image-carousel\" data-id=\"a1fd960\" data-element_type=\"widget\" data-settings=\"{&quot;slides_to_show&quot;:&quot;1&quot;,&quot;navigation&quot;:&quot;both&quot;,&quot;autoplay&quot;:&quot;yes&quot;,&quot;pause_on_hover&quot;:&quot;yes&quot;,&quot;pause_on_interaction&quot;:&quot;yes&quot;,&quot;autoplay_speed&quot;:5000,&quot;infinite&quot;:&quot;yes&quot;,&quot;effect&quot;:&quot;slide&quot;,&quot;speed&quot;:500}\" data-widget_type=\"image-carousel.default\">\n\t\t\t\t<div class=\"elementor-widget-container\">\n\t\t\t\t\t<div class=\"elementor-image-carousel-wrapper swiper-container\" dir=\"ltr\">\n\t\t\t<div class=\"elementor-image-carousel swiper-wrapper\">\n\t\t\t\t\t\t\t\t<div class=\"swiper-slide\"><figure class=\"swiper-slide-inner\"><img decoding=\"async\" class=\"swiper-slide-image\" src=\"https:\/\/laboitesauvage.com\/wp-content\/uploads\/2020\/12\/mitch-guitare-1024x683.jpg\" alt=\"mitch guitare\" \/><\/figure><\/div><div class=\"swiper-slide\"><figure class=\"swiper-slide-inner\"><img decoding=\"async\" class=\"swiper-slide-image\" src=\"https:\/\/laboitesauvage.com\/wp-content\/uploads\/2019\/07\/kevin-1024x682.jpg\" alt=\"kevin\" \/><\/figure><\/div><div class=\"swiper-slide\"><figure class=\"swiper-slide-inner\"><img decoding=\"async\" class=\"swiper-slide-image\" src=\"https:\/\/laboitesauvage.com\/wp-content\/uploads\/2019\/07\/velasco-seul-hotel-1024x673.jpg\" alt=\"velasco seul hotel\" \/><\/figure><\/div><div class=\"swiper-slide\"><figure class=\"swiper-slide-inner\"><img decoding=\"async\" class=\"swiper-slide-image\" src=\"https:\/\/laboitesauvage.com\/wp-content\/uploads\/2019\/07\/Jerem-doigt-1024x682.jpg\" alt=\"Jerem doigt\" \/><\/figure><\/div><div class=\"swiper-slide\"><figure class=\"swiper-slide-inner\"><img decoding=\"async\" class=\"swiper-slide-image\" src=\"https:\/\/laboitesauvage.com\/wp-content\/uploads\/2019\/07\/thibaud-tshirt-devil-1024x576.jpg\" alt=\"thibaud tshirt devil\" \/><\/figure><\/div><div class=\"swiper-slide\"><figure class=\"swiper-slide-inner\"><img decoding=\"async\" class=\"swiper-slide-image\" src=\"https:\/\/laboitesauvage.com\/wp-content\/uploads\/2019\/07\/Mik-Canap\u00e9-1024x576.jpg\" alt=\"Mik Canap\u00e9\" \/><\/figure><\/div><div class=\"swiper-slide\"><figure class=\"swiper-slide-inner\"><img decoding=\"async\" class=\"swiper-slide-image\" src=\"https:\/\/laboitesauvage.com\/wp-content\/uploads\/2019\/07\/raphs-torse-nue-1024x682.jpg\" alt=\"raphs torse nue\" \/><\/figure><\/div><div class=\"swiper-slide\"><figure class=\"swiper-slide-inner\"><img decoding=\"async\" class=\"swiper-slide-image\" src=\"https:\/\/laboitesauvage.com\/wp-content\/uploads\/2019\/07\/Kevin-et-Thibaud-1024x576.jpg\" alt=\"Kevin et Thibaud\" \/><\/figure><\/div>\t\t\t<\/div>\n\t\t\t\t\t\t\t\t\t\t\t\t<div class=\"swiper-pagination\"><\/div>\n\t\t\t\t\t\t\t\t\t\t\t\t\t<div class=\"elementor-swiper-button elementor-swiper-button-prev\">\n\t\t\t\t\t\t<i aria-hidden=\"true\" class=\"eicon-chevron-left\"><\/i>\t\t\t\t\t\t<span class=\"elementor-screen-only\">Pr\u00e9c\u00e9dent<\/span>\n\t\t\t\t\t<\/div>\n\t\t\t\t\t<div class=\"elementor-swiper-button elementor-swiper-button-next\">\n\t\t\t\t\t\t<i aria-hidden=\"true\" class=\"eicon-chevron-right\"><\/i>\t\t\t\t\t\t<span class=\"elementor-screen-only\">Suivant<\/span>\n\t\t\t\t\t<\/div>\n\t\t\t\t\t\t\t\t\t<\/div>\n\t\t\t\t<\/div>\n\t\t\t\t<\/div>\n\t\t\t\t\t\t<\/div>\n\t\t\t\t\t<\/div>\n\t\t<\/div>\n\t\t\t\t\t\t\t\t<\/div>\n\t\t\t\t\t<\/div>\n\t\t<\/section>\n\t\t\t\t<section class=\"elementor-section elementor-top-section elementor-element elementor-element-742f035 elementor-section-boxed elementor-section-height-default elementor-section-height-default\" data-id=\"742f035\" data-element_type=\"section\">\n\t\t\t\t\t\t<div class=\"elementor-container elementor-column-gap-default\">\n\t\t\t\t\t\t\t<div class=\"elementor-row\">\n\t\t\t\t\t<div class=\"elementor-column elementor-col-100 elementor-top-column elementor-element elementor-element-725a675\" data-id=\"725a675\" data-element_type=\"column\">\n\t\t\t<div class=\"elementor-column-wrap elementor-element-populated\">\n\t\t\t\t\t\t\t<div class=\"elementor-widget-wrap\">\n\t\t\t\t\t\t<div class=\"elementor-element elementor-element-9511867 elementor-widget elementor-widget-image\" data-id=\"9511867\" data-element_type=\"widget\" data-widget_type=\"image.default\">\n\t\t\t\t<div class=\"elementor-widget-container\">\n\t\t\t\t\t\t\t\t<div class=\"elementor-image\">\n\t\t\t\t\t\t\t\t\t\t\t\t<img loading=\"lazy\" decoding=\"async\" width=\"640\" height=\"93\" src=\"https:\/\/laboitesauvage.com\/wp-content\/uploads\/2019\/07\/la-boite-sauvage-logo-blanc-affiche-768x111.png\" class=\"attachment-medium_large size-medium_large\" alt=\"\" srcset=\"https:\/\/laboitesauvage.com\/wp-content\/uploads\/2019\/07\/la-boite-sauvage-logo-blanc-affiche-768x111.png 768w, https:\/\/laboitesauvage.com\/wp-content\/uploads\/2019\/07\/la-boite-sauvage-logo-blanc-affiche-300x43.png 300w, https:\/\/laboitesauvage.com\/wp-content\/uploads\/2019\/07\/la-boite-sauvage-logo-blanc-affiche-1024x147.png 1024w, https:\/\/laboitesauvage.com\/wp-content\/uploads\/2019\/07\/la-boite-sauvage-logo-blanc-affiche-850x122.png 850w\" sizes=\"auto, (max-width: 640px) 100vw, 640px\" \/>\t\t\t\t\t\t\t\t\t\t\t\t\t\t<\/div>\n\t\t\t\t\t\t<\/div>\n\t\t\t\t<\/div>\n\t\t\t\t<div class=\"elementor-element elementor-element-c3e0d72 elementor-widget elementor-widget-text-editor\" data-id=\"c3e0d72\" data-element_type=\"widget\" data-widget_type=\"text-editor.default\">\n\t\t\t\t<div class=\"elementor-widget-container\">\n\t\t\t\t\t\t\t\t<div class=\"elementor-text-editor elementor-clearfix\">\n\t\t\t\t<p>Tu veux faire trembler la concurrence?? ou alors encore mieux tu veux montrer \u00e0 ta femme que tu est l&rsquo;entrepreneur le plus branch\u00e9 de Los Angeles?? Alors plus de soucis \u00e0 te faire contacte nous..<\/p>\t\t\t\t\t<\/div>\n\t\t\t\t\t\t<\/div>\n\t\t\t\t<\/div>\n\t\t\t\t\t\t<\/div>\n\t\t\t\t\t<\/div>\n\t\t<\/div>\n\t\t\t\t\t\t\t\t<\/div>\n\t\t\t\t\t<\/div>\n\t\t<\/section>\n\t\t\t\t<section class=\"elementor-section elementor-top-section elementor-element elementor-element-4e96561 elementor-section-boxed elementor-section-height-default elementor-section-height-default\" data-id=\"4e96561\" data-element_type=\"section\">\n\t\t\t\t\t\t<div class=\"elementor-container elementor-column-gap-default\">\n\t\t\t\t\t\t\t<div class=\"elementor-row\">\n\t\t\t\t\t<div class=\"elementor-column elementor-col-100 elementor-top-column elementor-element elementor-element-7d48d60\" data-id=\"7d48d60\" data-element_type=\"column\">\n\t\t\t<div class=\"elementor-column-wrap elementor-element-populated\">\n\t\t\t\t\t\t\t<div class=\"elementor-widget-wrap\">\n\t\t\t\t\t\t<div class=\"elementor-element elementor-element-2782859 elementor-arrows-position-inside elementor-pagination-position-outside elementor-widget elementor-widget-image-carousel\" data-id=\"2782859\" data-element_type=\"widget\" data-settings=\"{&quot;slides_to_show&quot;:&quot;1&quot;,&quot;navigation&quot;:&quot;both&quot;,&quot;autoplay&quot;:&quot;yes&quot;,&quot;pause_on_hover&quot;:&quot;yes&quot;,&quot;pause_on_interaction&quot;:&quot;yes&quot;,&quot;autoplay_speed&quot;:5000,&quot;infinite&quot;:&quot;yes&quot;,&quot;effect&quot;:&quot;slide&quot;,&quot;speed&quot;:500}\" data-widget_type=\"image-carousel.default\">\n\t\t\t\t<div class=\"elementor-widget-container\">\n\t\t\t\t\t<div class=\"elementor-image-carousel-wrapper swiper-container\" dir=\"ltr\">\n\t\t\t<div class=\"elementor-image-carousel swiper-wrapper\">\n\t\t\t\t\t\t\t\t<div class=\"swiper-slide\"><figure class=\"swiper-slide-inner\"><img decoding=\"async\" class=\"swiper-slide-image\" src=\"https:\/\/laboitesauvage.com\/wp-content\/uploads\/2019\/07\/blood-bison-sortie-motel-1024x679.jpg\" alt=\"blood bison sortie motel\" \/><\/figure><\/div><div class=\"swiper-slide\"><figure class=\"swiper-slide-inner\"><img decoding=\"async\" class=\"swiper-slide-image\" src=\"https:\/\/laboitesauvage.com\/wp-content\/uploads\/2019\/07\/pub-sin-bankers-1024x682.jpg\" alt=\"pub sin bankers\" \/><\/figure><\/div><div class=\"swiper-slide\"><figure class=\"swiper-slide-inner\"><img decoding=\"async\" class=\"swiper-slide-image\" src=\"https:\/\/laboitesauvage.com\/wp-content\/uploads\/2019\/07\/games-1024x576.jpg\" alt=\"games\" \/><\/figure><\/div><div class=\"swiper-slide\"><figure class=\"swiper-slide-inner\"><img decoding=\"async\" class=\"swiper-slide-image\" src=\"https:\/\/laboitesauvage.com\/wp-content\/uploads\/2019\/07\/blood-bison-pub-02-1024x682.jpg\" alt=\"blood bison pub 02\" \/><\/figure><\/div>\t\t\t<\/div>\n\t\t\t\t\t\t\t\t\t\t\t\t<div class=\"swiper-pagination\"><\/div>\n\t\t\t\t\t\t\t\t\t\t\t\t\t<div class=\"elementor-swiper-button elementor-swiper-button-prev\">\n\t\t\t\t\t\t<i aria-hidden=\"true\" class=\"eicon-chevron-left\"><\/i>\t\t\t\t\t\t<span class=\"elementor-screen-only\">Pr\u00e9c\u00e9dent<\/span>\n\t\t\t\t\t<\/div>\n\t\t\t\t\t<div class=\"elementor-swiper-button elementor-swiper-button-next\">\n\t\t\t\t\t\t<i aria-hidden=\"true\" class=\"eicon-chevron-right\"><\/i>\t\t\t\t\t\t<span class=\"elementor-screen-only\">Suivant<\/span>\n\t\t\t\t\t<\/div>\n\t\t\t\t\t\t\t\t\t<\/div>\n\t\t\t\t<\/div>\n\t\t\t\t<\/div>\n\t\t\t\t\t\t<\/div>\n\t\t\t\t\t<\/div>\n\t\t<\/div>\n\t\t\t\t\t\t\t\t<\/div>\n\t\t\t\t\t<\/div>\n\t\t<\/section>\n\t\t\t\t\t\t<\/div>\n\t\t\t\t\t\t<\/div>\n\t\t\t\t\t<\/div>\n\t\t","protected":false},"excerpt":{"rendered":"<p>Mauvais gar\u00e7ons ou vilaines filles, saturation \u00e9lectrique qui suinte dans le scotch on the rocks, Beats funky sexy groovy qui fait bouger ton petit cul&#8230; Nous sommes la pour immortaliser en photo ou vid\u00e9o ces moments sauvages, faire des chroniques et des interviews pour montrer \u00e0 ta maman que tu as r\u00e9ussi dans la d\u00e9bauche&#8230;<\/p>\n","protected":false},"author":1,"featured_media":0,"parent":0,"menu_order":0,"comment_status":"closed","ping_status":"closed","template":"elementor_header_footer","meta":{"_exactmetrics_skip_tracking":false,"_exactmetrics_sitenote_active":false,"_exactmetrics_sitenote_note":"","_exactmetrics_sitenote_category":0,"footnotes":""},"class_list":["post-294","page","type-page","status-publish","hentry"],"_links":{"self":[{"href":"https:\/\/laboitesauvage.com\/index.php\/wp-json\/wp\/v2\/pages\/294","targetHints":{"allow":["GET"]}}],"collection":[{"href":"https:\/\/laboitesauvage.com\/index.php\/wp-json\/wp\/v2\/pages"}],"about":[{"href":"https:\/\/laboitesauvage.com\/index.php\/wp-json\/wp\/v2\/types\/page"}],"author":[{"embeddable":true,"href":"https:\/\/laboitesauvage.com\/index.php\/wp-json\/wp\/v2\/users\/1"}],"replies":[{"embeddable":true,"href":"https:\/\/laboitesauvage.com\/index.php\/wp-json\/wp\/v2\/comments?post=294"}],"version-history":[{"count":29,"href":"https:\/\/laboitesauvage.com\/index.php\/wp-json\/wp\/v2\/pages\/294\/revisions"}],"predecessor-version":[{"id":1402,"href":"https:\/\/laboitesauvage.com\/index.php\/wp-json\/wp\/v2\/pages\/294\/revisions\/1402"}],"wp:attachment":[{"href":"https:\/\/laboitesauvage.com\/index.php\/wp-json\/wp\/v2\/media?parent=294"}],"curies":[{"name":"wp","href":"https:\/\/api.w.org\/{rel}","templated":true}]}}